{"id":15811,"date":"2026-08-27T08:56:06","date_gmt":"2026-08-27T06:56:06","guid":{"rendered":"https:\/\/forumrozwojumazowsza.pl\/?post_type=prelegent&#038;p=15811"},"modified":"2026-08-27T08:56:07","modified_gmt":"2026-08-27T06:56:07","slug":"grzegorz-sobotka-2","status":"publish","type":"prelegent","link":"https:\/\/forumrozwojumazowsza.pl\/index.php\/prelegent\/grzegorz-sobotka-2\/","title":{"rendered":"Grzegorz Sob\u00f3tka"},"content":{"rendered":"\n<p class=\"wp-block-paragraph\">ekspert IT, przedsi\u0119biorca, edukator cyfrowy, podcaster i moderator debat po\u015bwi\u0119conych technologii i sztucznej inteligencji. \u0141\u0105czy wieloletnie do\u015bwiadczenie technologiczne z umiej\u0119tno\u015bci\u0105 prowadzenia rozm\u00f3w o spo\u0142ecznych i gospodarczych konsekwencjach cyfrowej transformacji.<\/p>\n\n\n\n<p class=\"wp-block-paragraph\">Od 2007 roku prowadzi firm\u0119 SPartners, wspieraj\u0105c klient\u00f3w indywidualnych i firmy w zarz\u0105dzaniu infrastruktur\u0105 informatyczn\u0105, cyberbezpiecze\u0144stwie oraz wdra\u017caniu nowoczesnych rozwi\u0105za\u0144 opartych na sztucznej inteligencji i technologiach chmurowych.<\/p>\n\n\n\n<p class=\"wp-block-paragraph\">Od lat szkoli i prowadzi warsztaty z zakresu bezpiecze\u0144stwa cyfrowego, narz\u0119dzi biurowych i system\u00f3w operacyjnych. Techniczny j\u0119zyk przek\u0142ada na praktyczne i zrozumia\u0142e przyk\u0142ady, aktywizuj\u0105c uczestnik\u00f3w i anga\u017cuj\u0105c ich w dyskusj\u0119. Kompetencje te wykorzystuje podczas debat i rozm\u00f3w eksperckich.<\/p>\n\n\n\n<p class=\"wp-block-paragraph\">Jest wsp\u00f3\u0142tw\u00f3rc\u0105 i prowadz\u0105cym podcast \u201eAIconic\u201d, po\u015bwi\u0119cony sztucznej inteligencji oraz jej wp\u0142ywowi na gospodark\u0119, prac\u0119 i \u017cycie spo\u0142eczne. Podejmuje w nim tematy rozwoju i praktycznych zastosowa\u0144 AI, zaufania do algorytm\u00f3w, bezpiecze\u0144stwa, edukacji, wp\u0142ywu sztucznej inteligencji na spos\u00f3b my\u015blenia i podejmowania decyzji oraz granic mi\u0119dzy wygod\u0105 oferowan\u0105 przez technologi\u0119 a zachowaniem kontroli przez cz\u0142owieka.<\/p>\n\n\n\n<p class=\"wp-block-paragraph\">Wsp\u00f3\u0142tworzy podcast technologiczny \u201eMacoholicy\u201d, kt\u00f3ry ma ponad 160 odcink\u00f3w i jest regularnie publikowany. Program koncentruje si\u0119 na nowych technologiach i cyfrowej codzienno\u015bci, w tym na zmianach zwi\u0105zanych z rozwojem sztucznej inteligencji. Podcast ma ocen\u0119 4,9\/5 w Apple Podcasts.<\/p>\n\n\n\n<p class=\"wp-block-paragraph\">Tworzy projekt \u201eCyberPapa\u201d \u2013 inicjatyw\u0119 edukacyjn\u0105 po\u015bwi\u0119con\u0105 bezpiecze\u0144stwu dzieci i m\u0142odzie\u017cy w cyfrowym \u015bwiecie. Z publikowanych w jej ramach tre\u015bci korzysta spo\u0142eczno\u015b\u0107 ponad 10 tysi\u0119cy rodzic\u00f3w. Projekt jest kierowany do rodzic\u00f3w i nauczycieli i obejmuje materia\u0142y edukacyjne, scenariusze zaj\u0119\u0107 oraz tre\u015bci dotycz\u0105ce m.in. cyberprzemocy, prywatno\u015bci, phishingu, deepfake\u2019\u00f3w i sztucznej inteligencji.<\/p>\n\n\n\n<p class=\"wp-block-paragraph\">Grzegorz Sob\u00f3tka wyst\u0119puje w mediach jako ekspert w obszarze bezpiecze\u0144stwa cyfrowego, popularyzuj\u0105c wiedz\u0119 na temat \u015bwiadomego i bezpiecznego funkcjonowania w \u015bwiecie nowych technologii.<\/p>\n","protected":false},"parent":0,"template":"","kategorie-prelegenci":[382],"class_list":["post-15811","prelegent","type-prelegent","status-publish","hentry","kategorie-prelegenci-16-forum-rozwoju-mazowsza"],"acf":[],"_links":{"self":[{"href":"https:\/\/forumrozwojumazowsza.pl\/index.php\/wp-json\/wp\/v2\/prelegent\/15811","targetHints":{"allow":["GET"]}}],"collection":[{"href":"https:\/\/forumrozwojumazowsza.pl\/index.php\/wp-json\/wp\/v2\/prelegent"}],"about":[{"href":"https:\/\/forumrozwojumazowsza.pl\/index.php\/wp-json\/wp\/v2\/types\/prelegent"}],"wp:attachment":[{"href":"https:\/\/forumrozwojumazowsza.pl\/index.php\/wp-json\/wp\/v2\/media?parent=15811"}],"wp:term":[{"taxonomy":"kategorie-prelegenci","embeddable":true,"href":"https:\/\/forumrozwojumazowsza.pl\/index.php\/wp-json\/wp\/v2\/kategorie-prelegenci?post=15811"}],"curies":[{"name":"wp","href":"https:\/\/api.w.org\/{rel}","templated":true}]}}

Grzegorz Sobótka

<p class="wp-block-paragraph">ekspert IT, przedsiębiorca, edukator cyfrowy, podcaster i moderator debat poświęconych technologii i sztucznej inteligencji. Łączy wieloletnie doświadczenie technologiczne z umiejętnością prowadzenia rozmów o społecznych i gospodarczych konsekwencjach cyfrowej transformacji.</p>



<p class="wp-block-paragraph">Od 2007 roku prowadzi firmę SPartners, wspierając klientów indywidualnych i firmy w zarządzaniu infrastrukturą informatyczną, cyberbezpieczeństwie oraz wdrażaniu nowoczesnych rozwiązań opartych na sztucznej inteligencji i technologiach chmurowych.</p>



<p class="wp-block-paragraph">Od lat szkoli i prowadzi warsztaty z zakresu bezpieczeństwa cyfrowego, narzędzi biurowych i systemów operacyjnych. Techniczny język przekłada na praktyczne i zrozumiałe przykłady, aktywizując uczestników i angażując ich w dyskusję. Kompetencje te wykorzystuje podczas debat i rozmów eksperckich.</p>



<p class="wp-block-paragraph">Jest współtwórcą i prowadzącym podcast „AIconic”, poświęcony sztucznej inteligencji oraz jej wpływowi na gospodarkę, pracę i życie społeczne. Podejmuje w nim tematy rozwoju i praktycznych zastosowań AI, zaufania do algorytmów, bezpieczeństwa, edukacji, wpływu sztucznej inteligencji na sposób myślenia i podejmowania decyzji oraz granic między wygodą oferowaną przez technologię a zachowaniem kontroli przez człowieka.</p>



<p class="wp-block-paragraph">Współtworzy podcast technologiczny „Macoholicy”, który ma ponad 160 odcinków i jest regularnie publikowany. Program koncentruje się na nowych technologiach i cyfrowej codzienności, w tym na zmianach związanych z rozwojem sztucznej inteligencji. Podcast ma ocenę 4,9/5 w Apple Podcasts.</p>



<p class="wp-block-paragraph">Tworzy projekt „CyberPapa” – inicjatywę edukacyjną poświęconą bezpieczeństwu dzieci i młodzieży w cyfrowym świecie. Z publikowanych w jej ramach treści korzysta społeczność ponad 10 tysięcy rodziców. Projekt jest kierowany do rodziców i nauczycieli i obejmuje materiały edukacyjne, scenariusze zajęć oraz treści dotyczące m.in. cyberprzemocy, prywatności, phishingu, deepfake’ów i sztucznej inteligencji.</p>



<p class="wp-block-paragraph">Grzegorz Sobótka występuje w mediach jako ekspert w obszarze bezpieczeństwa cyfrowego, popularyzując wiedzę na temat świadomego i bezpiecznego funkcjonowania w świecie nowych technologii.</p>
