{"id":15807,"date":"2026-08-27T08:49:22","date_gmt":"2026-08-27T06:49:22","guid":{"rendered":"https:\/\/forumrozwojumazowsza.pl\/?post_type=prelegent&#038;p=15807"},"modified":"2026-08-27T08:49:23","modified_gmt":"2026-08-27T06:49:23","slug":"dr-hab-aleksandra-jadach-sepielo","status":"publish","type":"prelegent","link":"https:\/\/forumrozwojumazowsza.pl\/index.php\/prelegent\/dr-hab-aleksandra-jadach-sepielo\/","title":{"rendered":"dr hab. Aleksandra Jadach-Sepie\u0142o"},"content":{"rendered":"\n<p class=\"wp-block-paragraph\">Aleksandra Jadach-Sepio\u0142o, doktor habilitowany, zast\u0119pca dyrektora Instytutu Rozwoju Miast i Region\u00f3w; adiunkt Katedrze Rynku Nieruchomo\u015bci i Miasta Innowacyjnego w Szkole G\u0142\u00f3wnej Handlowej w Warszawie, ekspertka w zakresie rewitalizacji miast i mieszkalnictwa.<\/p>\n","protected":false},"parent":0,"template":"","kategorie-prelegenci":[382],"class_list":["post-15807","prelegent","type-prelegent","status-publish","hentry","kategorie-prelegenci-16-forum-rozwoju-mazowsza"],"acf":[],"_links":{"self":[{"href":"https:\/\/forumrozwojumazowsza.pl\/index.php\/wp-json\/wp\/v2\/prelegent\/15807","targetHints":{"allow":["GET"]}}],"collection":[{"href":"https:\/\/forumrozwojumazowsza.pl\/index.php\/wp-json\/wp\/v2\/prelegent"}],"about":[{"href":"https:\/\/forumrozwojumazowsza.pl\/index.php\/wp-json\/wp\/v2\/types\/prelegent"}],"wp:attachment":[{"href":"https:\/\/forumrozwojumazowsza.pl\/index.php\/wp-json\/wp\/v2\/media?parent=15807"}],"wp:term":[{"taxonomy":"kategorie-prelegenci","embeddable":true,"href":"https:\/\/forumrozwojumazowsza.pl\/index.php\/wp-json\/wp\/v2\/kategorie-prelegenci?post=15807"}],"curies":[{"name":"wp","href":"https:\/\/api.w.org\/{rel}","templated":true}]}}

dr hab. Aleksandra Jadach-Sepieło

<p class="wp-block-paragraph">Aleksandra Jadach-Sepioło, doktor habilitowany, zastępca dyrektora Instytutu Rozwoju Miast i Regionów; adiunkt Katedrze Rynku Nieruchomości i Miasta Innowacyjnego w Szkole Głównej Handlowej w Warszawie, ekspertka w zakresie rewitalizacji miast i mieszkalnictwa.</p>
